3 + -6 - -2.
-4
2 - 1 - ((-2 - -3) + 3)
-3
What is the value of 6 - (7 + -3) - 0?
2
8 + (4 - (7 - 1)) + -1
5
What is the value of (-11 - (4 + 0 - 10)) + 9?
4
-8 + -1 + (17 - 12) + 0
-4
Calculate -4 + 0 + 7 + -3 + 4.
4
-1 + 7 - (19 + -20 - -17)
-10
Calculate (4 - 1) + 8 - 6.
5
Evaluate 5 + 0 + (-3 - 3).
-1
-7 + 3 - -1 - (-8 - -1)
4
1 - (-1 - -4 - (5 - 3))
0
What is 39 + -38 - (4 + 0)?
-3
What is the value of (-7 - (4 + -7)) + 1?
-3
(-8 - 6) + 4 - -8
-2
What is 4 + (-16 - -4) + 4?
-4
Calculate 1 - (8 - 8 - (1 + -5)).
-3
-1 + (5 + 2 - 11) + 7
2
What is the value of 2 + 1 + (-2 + 14 - 15)?
0
Evaluate -2 + -1 + (5 - 0).
2
3 + -1 + (-4 + -3 - -5)
0
Calculate 0 + (0 - 3 - -2).
-1
6 + (-23 - (-20 - -13))
-10
Calculate 3 + -6 + 2 + -2 + 7.
4
Evaluate 4 + (-1 - (-1 - (2 - 3))).
3
4 - (5 + 0 - 3)
2
Calculate 78 - 77 - (3 - (-3 + -3)).
-8
6 + 2 + (1 - 7)
2
Evaluate -9 + 10 + 2 + -2.
1
Calculate -7 + 0 - -7 - (-3 + 1).
2
What is the value of 7 + -1 + (-1 + 18 - 30)?
-7
What is -3 + -4 - (-4 - 0)?
-3
Evaluate (2 - (1 + 3)) + -1 + 1.
-2
Evaluate (-4 - (4 - (16 - 3))) + 0.
5
Calculate (-1 - -2 - (-15 - -21)) + 9.
4
Evaluate -1 - 2 - (84 + -90).
3
Calculate 6 - (12 + -2) - -3.
-1
Evaluate (-8 - (4 + -16)) + -5.
-1
Evaluate 11 + -2 + -2 - 3.
4
Calculate (1 + -4 + -3 - -3) + -2.
-5
What is the value of 3 + -1 + (42 - 39)?
5
Calculate 7 + 2 - (12 - 8).
5
Evaluate 6 + (-11 - -9) - (3 + 1).
0
Calculate -5 + -2 - -4 - (1 - -1).
-5
What is -6 + -2 + (-4 - -5) + 2?
-5
Calculate (4 - 0) + (6 + -12 - -2).
0
Evaluate 10 - (4 + (-2 - -3)) - 12.
-7
(35 - 31) + (-2 - 0) + 0
2
Evaluate (0 - 4 - 0) + 6.
2
Calculate (2 - (11 - (15 - 7))) + -2.
-3
What is 3 - (5 + (2 - 2))?
-2
Calculate (2 - -5) + (3 - (-2 - -9)).
3
10 + -6 - (-2 + 2 + 5)
-1
Evaluate 2 + 6 + 1 + -8.
1
What is the value of (-7 - (3 + 2)) + (-6 - -11)?
-7
5 - (0 + 2 - 1)
4
Evaluate -2 + 2 - (1 + -12 + 6).
5
0 + -3 - (2 + 3 + -5)
-3
What is -8 - (-5 + (6 - 15))?
6
Calculate (6 - 16) + 3 - (-7 + 4).
-4
What is (4 - (1 - (-7 + 4))) + -3?
-3
What is (-11 - (-12 - 4)) + (2 - 5)?
2
Evaluate (3 - -3) + 3 - 3.
6
What is (-8 - -10) + 2 - (1 + 4)?
-1
(-2 - -3) + 3 - 5
-1
Evaluate 0 - ((-3 - -3) + -4).
4
Evaluate 3 + 2 + (4 - -1) + -6.
4
Calculate 10 - (6 + (2 - 1)).
3
What is the value of 3 - 18 - -6 - -5?
-4
What is the value of 6 - (1 + 3 + -2)?
4
Calculate -13 + 8 + 7 + (3 - 4).
1
Evaluate (-5 - -5) + -2 - (2 - 7).
3
Calculate 4 + 0 + 8 + -25 + 9.
-4
What is (9 + -11 - (2 + -1)) + 5?
2
Calculate -4 + 10 + -1 + (-3 - 1).
1
-2 + -1 + 5 - 6
-4
What is the value of 4 + 4 + 3 + -15 + 2?
-2
1 - 7 - (14 + -21)
1
What is the value of -2 - (3 - 2) - (2 + -3)?
-2
Evaluate 1 - (5 - 0 - 0).
-4
What is the value of 4 + (-14 - -12) + (3 - 0)?
5
What is the value of -2 - -6 - (-1 - (2 + -2))?
5
Calculate -4 + (9 - (8 + -9)).
6
What is the value of -7 - (7 + -10 + -4)?
0
What is the value of 5 + 6 + -4 + -7?
0
(4 + (-7 - -6) - 1) + -5
-3
Evaluate (-3 - -1) + -4 - (-16 - -7).
3
(0 + -6 + 1 - -3) + 3
1
Calculate 5 - ((8 - 1) + (-1 - 2)).
1
(-6 - 1) + -11 + 13
-5
What is the value of (-4 - 4) + (-23 - -38)?
7
What is 3 - (-8 + 10 + 0)?
1
What is -1 + (-1 - -3) + -1 + 5?
5
Calculate (-1 - 1 - (19 + -17)) + -1.
-5
3 - 3 - (4 + 1)
-5
Calculate 4 + -3 - (-5 + 5).
1
Evaluate -2 - (10 + 0 + -15).
3
What is 3 - -2 - (-9 + 1 + 5)?
8
Evaluate -1 + (5 + -9 - -14).
9
What is 8 - (-2 + (5 - 1))?
6
What is 3 + -2 + -2 + 0 + -3?
-4
What is 1 - (-7 + 5 - -7)?
-4
What is -7 + 3 - (-9 + 1)?
4
3 + (3 - 5) + 4 + -6
-1
Calculate 4 + -4 + (4 - 6).
-2
Evaluate -1 + -2 + -2 - -2.
-3
What is the value of (-6 - -10 - (1 - 1)) + -5?
-1
9 - (-6 + 10) - (6 + -3)
2
Calculate 0 - 3 - (-18 + 16).
-1
Calculate 1 + 1 - (-26 + 26) - 5.
-3
19 - 18 - (1 + -2 + -1)
3
Calculate 2 + 0 - (0 - -5 - 4).
1
0 - (4 + -5) - 4
-3
Calculate 5 + (-6 + 7 - -1) + -2.
5
What is 0 + 0 - 0 - -1 - 4?
-3
-3 + (-2 + 5 - 0) + 1
1
6 + -4 - (-6 + (0 - -3))
5
What is the value of -21 + 15 - (-3 + 5 + -4)?
-4
Evaluate (2 - 0 - 1) + (86 - 89).
-2
(0 + -3 - 0) + 1
-2
What is 1 + (3 - (-4 + 11)) + -2?
-5
-4 + -2 + -4 + 5 - -10
5
What is 3 + 4 - (2 + (2 - 0))?
3
What is -2 - (0 + 6 + (-4 - -1))?
-5
Evaluate -5 + -2 - (-9 + 19 + -18).
1
What is the value of -4 - -5 - (3 - 2)?
0
-2 - -4 - (-5 + (0 - -5))
2
Calculate (1 + -8 - (-2 + -2)) + 10.
7
What is the value of 5 - (5 + -2) - (0 - -2)?
0
Calculate (0 + 2 - 5) + 4.
1
What is 16 - (5 + 12) - (-1 + 1)?
-1
Calculate (-12 - ((-4 - -7) + -3)) + 4.
-8
(-7 + 5 - -3) + (8 - 4)
5
What is the value of (-7 - 2) + (8 - 3)?
-4
Calculate 3 + -2 - (5 + 0).
-4
Evaluate (-130 - -133) + 0 + -3 + 0.
0
What is the value of -3 - (-2 - 2 - -2) - 0?
-1
What is the value of -7 + 19 + (-14 - -6)?
4
Evaluate 1 + 3 - (25 + -16).
-5
What is the value of (2 - -3) + 6 + -8 - 8?
-5
Evaluate -7 + (7 - -7) + -7 + -1.
-1
(-6 - (-8 - -3 - -9)) + 3
-7
What is the value of 9 - 3 - (2 + 0)?
4
What is (-7 - 2 - -1) + 7?
-1
What is -2 + (6 + 0 + -11 - -4)?
-3
What is the value of 11 - 3 - ((10 - 3) + 0)?
1
Evaluate (-4 - (0 + -4)) + (1 - -3).
4
What is (-2 - -5) + 1 + 1?
5
What is -7 - (4 - (12 - -4))?
5
Evaluate -15 - -12 - (-3 + -4) - 4.
0
Evaluate -10 - (-4 + (-4 - 2) - -5).
-5
Calculate 6 + -8 - -7 - 8.
-3
Evaluate 7 + -3 + -12 + 8.
0
-2 + 2 + 0 + -4
-4
Evaluate 4 - 2 - 5 - (11 + -8).
-6
What is -12 + 10 + -8 + 6?
-4
What is 0 + -3 + 3 + -3 - -4?
1
Evaluate (14 + -9 - (-4 + 11)) + 7.
5
Calculate -1 + -4 - (-24 + 19).
0
(9 - -1) + -26 + 10
-6
9 - (7 + (3 - 4))
3
-7 + 1 + (-3 + 3 - -2)
-4
Calculate -10 - (0 + (-7 - -4)).
-7
3 + 4 + -6 + -10
-9
Calculate -3 - (1 + 1 + (-6 - 3)).
4
Evaluate -2 - (-2 - -4) - -8.
4
What is (-2 - -3) + (-1 + 4 - 1)?
3
What is (0 + (2 - 6) - -10) + -3?
3
What is the value of (-2 - ((4 - 10) + 10)) + 13?
7
What is 5 + (-2 - (4 + -1 + -2))?
2
What is 4 - ((-10 - -14) + -3)?
3
0 + (-2 - (3 - 1)) + 5
1
2 + (9 + -3 - 5) - -4
7
Calculate 13 - (11 - ((2 - 7) + 11)).
8
(13 + -16 - -7) + -3
1
What is (3 - 0) + 1 - 1?
3
What is -4 + 14 + -10 + 3?
3
What is the value of 6 + -3 - (-59 - -63)?
-1
Evaluate -6 + 6 - ((-3 - -4) + 4).
-5
Calculate (6 + -1 - 3) + -1.
1
What is the value of 22 + -24 - (-8 - -2 - -2)?
2
0 - (11 - (4 - -1))
-6
Evaluate -1 + ((6 - 4) + 0 - 6).
-5
-12 - (-6 - -1) - -12
5
Evaluate 7 + -1 - (55 - 54).
5
Evaluate (68 - 75) + (3 - 1) - -10.
5
What is the value of -1 - -3 - (4 - 9)?
7
5 + (1 - (12 + -6) - -1)
1
What is 2 - -4 - (-5 - 5 - -17)?
-1
52 - 53 - (-3 - 0 - -1)
1
What is the value of (17 - 14) + -17 - -8?
-6
Calculate (2 - 2) + -6 + 1 + 1.
-4
Evaluate (-27 - -29) + 1 + 2.
5
-5 - (-2 + 6 + -4 - 1)
-4
Calculate 5 + (1 - -2) + -3 + -7.
-2
Calculate 4 + (7 - (2 + 5)).
4
Evaluate -4 - -7 - (6 + 1 + -3).
-1
Evaluate -2 - (-11 - -7) - 6.
-4
Calculate 3 + 0 - (6 - 3).
0
Evaluate (-6 - 0) + 4 - -3.
1
What is the value of 3 - ((-12 - -12) + 5 + -3)?
1
(-1 - 0) + -2 - -1
-2
What is the value of 6 + -9 - (2 - (2 - 0))?
-3
(-6 - -5) + 9 - (-20 + 25)
3
What is the value of (0 - 1 - -1) + -2 - -11?
9
((1 - 1) + 1 - -7) + -13
-5
-7 - (-2 + (-1 + 3 - 1))
-6
Calculate (5 - 8) + -2 + 3 - 0.
-2
Calculate 5 + -1 - (2 + 3).
-1
Calculate (-11 - -12 - 7) + (6 - -2).
2
Evaluate 2 + (0 - -4 - (-1 + 3)).
4
Calculate -1 + -5 + 3 - 2.
-5
Calculate (-5 - -5 - 0) + 1.
1
0 + -9 - (-7 + 3)
-5
Calculate -14 + 0 + -6 + 8 + 5.
-7
Calculate 6 + (-4 - 5) + -1 + -1.
-5
-3 + 6 + -3 - -2 - 11
-9
What is the value of -6 + -6 + 3 - -7?
-2
Evaluate (-4 - -9) + -2 + (0 - -2).
5
Calculate -1 - 1 - 0 - -4 - 0.
2
What is (0 - -14) + -8 + 3 + 0?
9
What is the value of 2 - (-15 - -10 - (-2 - 7))?
-2
Evaluate -39 + 30 - (0 + -8).
-1
Calculate 0 + 8 - 6 - 6.
-4
What is the value of 13 + -20 + 7 - 8?
-8
What is -1 - (-3 + 1) - (0 - -3)?
-2
What is the value of 3 - 5 - 2 - -10?
6
What is the value of (-6 - ((-7 - -6) + -2)) + -6?
-9
What is -1 + 2 - (1 + -4 + 8)?
-4
What is -8 + (1 - 0 - 1)?
-8
8 + (-13 - -10) + -11
-6
Calculate -6 - (-12 + (-5 - -5) + 6).
0
What is the value of 14 + -15 + 13 + -6?
6
Evaluate -3 - -1 - (2 - -1).
-5
What is 23 - (6 - -24) - (-6 + 0)?
-1
Calculate 2 + (2 - 9) - -5.
0
What is the value of -5 + -18 + 13 + (0 - -11)?
1
Calculate -7 - (-2 + 0 + 3) - -3.
-5
Evaluate -3 - (-11 + (-1 - (-7 + 1))).
3
What is the value of 0 + 10 + -32 + 26 - 4?
0
What is the value of (6 - 